q) = 161*q - 80*q - q**2 - 84*q - h. Determine i(-4).
-5
Let s(k) = -k**3 - 49*k**2 + 29*k + 41. Let l(p) = -10*p**2 + p + 1. Let b(h) = 4*l(h) - s(h). Give b(-11).
-4
Let v(y) be the third derivative of -y**7/315 + y**6/360 + y**5/120 - 19*y**4/8 - y**2 + 29*y. Let w(n) be the second derivative of v(n). What is w(2)?
-27
Let m(g) = g**2 - 1. Let c be (-4 + (15 - 7))*4. Let l(s) = -8*s + 130. Let t be l(c). Determine m(t).
3
Suppose j = -4*w - 13, -307*w + 306*w - 6 = 3*j. Let r(t) = 70*t + 207. What is r(w)?
-3
Let y(a) = -a**3 + 4*a**2 - 3*a + 2. Let q(v) = -v + 95. Let r(u) = u - 190. Let d(f) = -5*q(f) - 2*r(f). Let l be d(33). Determine y(l).
-10
Suppose p - 3*o = -2*o + 6, 2*p = 3*o + 15. Suppose -3*n = -2*l + n + 82, 0 = p*n. Let b = l - 36. Let k(x) = 2*x - 2. Calculate k(b).
8
Let m(b) be the third derivative of -b**8/20160 - b**7/720 - b**6/90 + 5*b**5/12 + 122*b**2. Let s(l) be the third derivative of m(l). Give s(-6).
-2
Suppose 4*j + 22 = 5*t, -4*t - 5*j - 19 = -53. Let g(r) = -252*r**2 - t*r + 85*r**2 - 6 + 83*r**2 + 82*r**2. Let q = 5 + -9. Calculate g(q).
-14
Let o(n) = n**3 - 3*n**2 - 9*n - 3. Let i(z) = z + 3. Let j be i(2). Let s be o(j). Suppose -14 = s*y - 28. Let l(q) = -q**2 + 6*q + 4. Give l(y).
-3
Suppose 5*o + 60 = 1339*t - 1334*t, -13 = -4*t - 3*o. Let d(u) = -u**3 + 5*u**2 + 14*u - 22. Give d(t).
-22
Suppose -58 - 70 + 143 = 3*r. Let q(z) be the third derivative of 0*z**3 + 1/12*z**4 + 0 + 18*z**2 + 0*z + 1/30*z**r. Determine q(2).
12
Let j(n) be the third derivative of -n**5/20 + 5*n**4/24 + 11*n**3/2 + 2*n**2 + 5192. Calculate j(-5).
-67
Suppose -4*a + 38*s = 43*s + 44, -2*a = s + 16. Let y(k) = -5*k - 10. Calculate y(a).
20
Let y(s) = 157*s**2 + 161*s - 313. Let h(x) = -23*x**2 - 23*x + 46. Let c(m) = -41*h(m) - 6*y(m). Determine c(23).
-8
Let r(z) = -z**3 - 8*z**2 + 11*z + 10. Let l(h) = -3*h**2 + 20*h. Let m be l(8). Let t = -50 - m. Let v be ((-14)/28)/((-1)/t). Calculate r(v).
-8
Let t be 4 + (-9)/6 + 2/4. Let n be 8*(-6 + 4 + t). Let o(x) = -1 + 6 - x + 6 - 5. Determine o(n).
-2
Let j(u) = -2*u**3 - 19*u**2 + 6*u - 6. Suppose 0 = 5*m + 3*h + 41, 75*m - 73*m + 11 = -3*h. Determine j(m).
34
Let u(z) = 5*z**2 - 5*z + 1. Let l be ((-2)/3)/(2/3). Let h(i) be the third derivative of -i**5/60 - 144*i**2. Let s(g) = l*u(g) - 6*h(g). Determine s(-5).
-1
Let p(w) be the second derivative of -3/4*w**4 + 24*w - 1/20*w**5 - 3/2*w**3 - 9/2*w**2 + 0. Let g(d) = -d**3 - 2*d**2 + 2*d + 4. Let c be g(2). Give p(c).
-1
Let g(c) be the first derivative of c**2 + 23*c + 650. Determine g(-8).
7
Let r = 169 - 106. Let p(w) = 0 + 6 + 62*w + 7 - r*w. What is p(5)?
8
Suppose -2*f - 72 = -3*d + 13, -3*d = -4*f - 167. Let o = f + 51. Let a(p) = p**2 - 2 + o - 9 - 1. Determine a(-2).
2
Let s(i) = i**2 - 7*i + 9. Let a be s(6). Suppose -14*j - p = -13*j + 2, -a*p = -4*j - 29. Let m(u) = -u - 1. What is m(j)?
4
Suppose 153 = 26*o + 4 - 137. Let c(w) = -4*w + 12. What is c(o)?
-32
Let z(k) = 34*k**3 - k + 1. Let q be z(1). Let p = q + -33. Let d(r) = -6*r**2 + 1. What is d(p)?
-5
Let z(q) = 7*q + 3. Let m(w) = -13*w - 6. Let s be (-18)/15*(-25)/(-5). Let j(h) = s*m(h) - 11*z(h). Let d = 1036 + -1042. What is j(d)?
-3
Let a(n) = -2*n**2 - 5*n + 38. Let t(v) = -2*v**2 - 9*v + 44. Let q(r) = -6*a(r) + 5*t(r). Calculate q(9).
19
Let y = -4067 - -4063. Let g(k) = k**3 + 3*k**2 + k + 11. Give g(y).
-9
Let s(k) = 10*k**3 - 5 - 6 - 9*k**2 - 1 - k + 2 - 11*k**3. Suppose -5*g = -g + 3*n - 156, 4*g + 4*n = 160. Let q = 27 - g. Calculate s(q).
-1
Let x(i) = 2*i**3 - 15*i**2 + 14*i + 18. Suppose 175 = 69*v - 239. Give x(v).
-6
Let q(x) = -4*x + 9 + 3*x**3 + 0 + 13*x**2 - 17 - 4 + 3. Let s(z) = z**3 + z**2 + z. Let l(n) = -q(n) + 4*s(n). Determine l(8).
9
Let n(k) = 4*k**3 - 80*k**2 - 36. Let o(m) = m**3 - 31*m**2 + m - 2. Let w(i) = -n(i) + 3*o(i). What is w(-13)?
-9
Let a(y) = 2*y - 52. Suppose 122*u - 134*u = -348. What is a(u)?
6
Let j(m) = 4*m**2 - 2*m**2 - m**3 + 2 + 0*m**3 - m**2. Let r be 1/((-3)/177) - 4. Let q = 63 + r. What is j(q)?
2
Let t(x) = x**2 + 6*x - 13. Let w be t(-7). Let z = w - -8. Let k(a) = -a**z - 13 + 9 + 5*a**2 - 4*a + 5*a**3 - 4*a**3. What is k(-5)?
-9
Let v(w) = w**2 + 4*w + 4. Let i(p) = 7*p**2 - 3*p + 5. Let r be i(2). Let q be 3/9 + (-63)/r. Calculate v(q).
0
Let b(g) = -15*g**2 - 82*g - 14. Let v be b(-9). Let i = -485 - v. Let u(y) = y**2 - 4*y - 9. Determine u(i).
3
Let j(r) = 405 - 5*r + 404 - 810 - 4*r**3. Let y(q) = 4*q**3 + 6*q + 1. Let k(c) = 4*j(c) + 3*y(c). Calculate k(-1).
5
Suppose 240*r = 268*r - 784. Let u(t) = t**2 - 28*t + 3. Calculate u(r).
3
Let g(h) be the second derivative of -h**4/12 - h**3/3 + 3*h**2/2 - 3*h - 33. Let n be (-5)/(-10)*(-2 + -8). Determine g(n).
-12
Let s(m) = m + 5. Let y = -10012 + 10002. Determine s(y).
-5
Let c(z) = 179*z + 5. Let g(x) = 1376*x + 40. Let r(v) = 46*c(v) - 6*g(v). What is r(-3)?
56
Let n(i) = -2*i. Let j(m) = -3*m + 5. Let v(t) = -j(t) + 2*n(t). Suppose -p = -3*p + 2*g, -4*p - 3*g = 14. Calculate v(p).
-3
Suppose -19*t = -3*j - 21*t + 9, 4*t - 9 = -3*j. Let z(n) = -10*n**2 - 6*n - 9*n**3 - 6*n + 20*n**3 - 10*n**j - 2. Calculate z(11).
-13
Suppose -15*q - 1775 = -1805. Let d(g) = -9*g + 25. What is d(q)?
7
Let g(x) = -49*x + 121*x - 1 - 71*x. Determine g(-13).
-14
Suppose -3*k + 24 = j + 13, 0 = 3*k + 2*j - 16. Let n(h) = -h + h**3 + 9799*h**2 + 2 + 4 - 9808*h**k. Calculate n(9).
-3
Let c(i) = 12*i - 17*i**2 - 31*i - 8 + 13*i + 26*i + 6*i**3 - 5*i**3. Determine c(16).
56
Let b(v) be the second derivative of v**3/6 + 9*v**2/2 - v. Let t be b(-7). Let j(s) = 3 + 8*s + 0 - 7*s - 2 - 2*s + 3. Determine j(t).
2
Let l(a) = -20*a + 15. Let v(z) = -z + 1. Let b(k) = -2*l(k) + 30*v(k). Suppose 10*g + 29 = 119. Let j = g - 11. What is b(j)?
-20
Suppose 2*h - 14 = -0*k - 4*k, 3*h = -k + 21. Let c(j) = 32 + h*j**2 + j**3 - 21 - 60*j + 50*j. Calculate c(-8).
27
Let n(x) = 7*x + 46. Let s(f) = -8*f - 28. Let b(g) = 2*n(g) + 3*s(g). What is b(2)?
-12
Suppose 16*z - 21*z = -30. Let a(k) = -9*k**2 + z - 13*k**2 + 21*k**2. Let m(h) = h**2 - 4*h. Let o be m(4). Calculate a(o).
6
Let u(o) = -o**3 + 10*o**2 - 9*o - 4. Let r = -59 + 23. Let m be 411/45 + r/270. Determine u(m).
-4
Let f(v) be the first derivative of 3*v**2/2 + 11*v + 336. Give f(-20).
-49
Let h be 1 - (2 + 7 + 6) - -7. Let r(o) = -8*o - 66. Determine r(h).
-10
Let f(q) = q**2 + 3*q - 1. Let z be f(6). Let h = 69 + -66. Let r(l) = -l**3 + 2 - 3*l + 23*l**2 - z*l**2 + 0*l**h + 25*l**2. What is r(-4)?
-2
Let j(g) = -2*g - 1. Suppose 25*a - 2*a - 4*a = 0. Suppose 5*r = 20, 5*f - 5*r + 30 = -a*r. Calculate j(f).
3
Let d(j) = -j**2 + 23*j + 55. Let w be (-20)/(-6)*870/116. Calculate d(w).
5
Let g(m) = 9*m + 1741 + 4*m + 2*m - 1752 + 3*m**2. Calculate g(-4).
-23
Let r(u) = u**2 - u + 1. Let v(k) = -3*k**2 + 9*k - 2. Suppose 118*z - 24 = 112*z. Let o(x) = z*r(x) + v(x). What is o(-3)?
-4
Let j(h) = -66*h**2 - 5*h - 34. Let a be j(0). Let t(l) = l**2 + 34*l - 55. What is t(a)?
-55
Let a(j) = -2*j. Let t be a(0). Suppose 4*o - 9*o + 15 = t. Let m(s) = -s**3 + 4*s**2 + 4*s - 3*s**2 - o + 0*s**2. What is m(3)?
-9
Let b(f) be the first derivative of 1/3*f**3 + 5*f - 7/2*f**2 - 36. Let z = 14 + -8. Determine b(z).
-1
Let x(i) = -i - 3. Suppose -4*t = -2*m - 130, 4*t = 4*m + 60 + 72. Let v be 12*(2 - t/12). Determine x(v).
5
Suppose -128*v + 3 = -127*v - 6. Let l(h) = 4*h - 7. Determine l(v).
29
Let f(m) = -3*m**3 + 12*m**2 - 16*m + 18. Let i(t) = -t**3 - t**2 - t + 4. Let g(b) = -f(b) + 2*i(b). Determine g(13).
3
Suppose -4*s + 2*p = 5*p - 2, 5*s - 16 = 3*p. Let g(w) = 2*w**3 + 5*w - 16*w**2 - 2 - 15*w**2 + 43*w**s - 17*w**2. Give g(3).
22
Let q(j) = 30*j - 122. Suppose -8 = 2*k, 30*c - 27*c = 2*k + 20. Give q(c).
-2
Let d(b) = -3*b + 6. Let k = -179 - -181. Let y be 16/14*(-1)/k*-7. Give d(y).
-6
Let h(w) = w + 4. Suppose g = -8 + 7. Let d be h(g). Let c(p) = 3 + 13*p**2 - 11*p**2 - 3*p - 4*p**2 - 3*p**2 - p**d. What is c(-3)?
-6
Let p(k) be the second derivative of k**5/20 - 17*k**4/12 + 31*k**3/6 - 8*k**2 + 298*k. Let y be p(15). Let j(d) = -11*d**3 - 2*d**2 + 1. Determine j(y).
10
Let t(n) = 3*n**2 - 14*n - 5. Let w = -2992 - -2997. Calculate t(w).
0
Let k = -85 - -49. Let c = 41 + k. Suppose r = -4*d - 32, c*r = 2*d + 4*r + 22